ppose -4 = -i + 4. What is the greatest common factor of i and n?
4
Let o(r) = r**3 - 4*r**2 + 2*r + 6. Let u(k) = -k**3 + 12*k**2 + k - 8. Let f be u(12). Let q be o(f). Calculate the highest common factor of 98 and q.
14
Let t be (-244)/(-5) - (-1)/5. Let f be t/28 + (-2)/(-8). What is the highest common factor of f and 18?
2
Let t be (-53)/(-3) + (-26)/(-78). Calculate the highest common factor of 45 and t.
9
Let y(q) = -54*q. Let a be y(2). Let u = a - -180. Suppose -2*g + m = 2*g - 80, 0 = 4*g + m - u. What is the greatest common divisor of 19 and g?
19
Let n(m) = m**2 + 11*m + 6. Let t be n(-13). What is the highest common factor of t and 8?
8
Let y(p) = p + 17. Let v be y(13). Calculate the greatest common divisor of v and 330.
30
Let d(b) = -2 + 4*b + 0*b**2 - 4*b**2 + b**2 + b**3. Let q be d(2). Calculate the greatest common factor of q and 4.
2
Suppose o = -o + 36. Suppose -4*j - j = 20. Let y(d) = -2*d**3 - 3*d**2 + 2*d. Let a be y(j). What is the highest common factor of o and a?
18
Let l(q) be the third derivative of 31*q**4/24 - q**3/3 + q**2. Suppose -4*h + 1 = -7. Let y be l(h). What is the greatest common divisor of y and 15?
15
Let k(l) = -l**2 + 2*l + 2. Let s(t) = -t**2. Let v(o) = k(o) - 6*s(o). Let z be v(-2). What is the greatest common factor of z and 144?
18
Suppose -36*b + 40*b = 192. Calculate the greatest common divisor of b and 8.
8
Let c be ((-3)/(0 - -3) - 2) + 39. Calculate the highest common divisor of c and 48.
12
Let d be 2/(-5) + 54/10. Let a be d/15 + (-17)/(-3). Suppose -3*f + f + a = 0. What is the highest common divisor of 33 and f?
3
Suppose 0 = -r - 5*f + 137, -5*r - f = f - 662. What is the highest common divisor of 12 and r?
12
Let z = -135 - -219. What is the greatest common divisor of z and 12?
12
Let y(o) = o**3 + 5*o**2 + 4*o + 3. Let v be y(-3). Let l = -54 + 77. Suppose -p = -q - 7, p - 4*q = q + l. What is the highest common divisor of p and v?
3
Let v(w) = 10*w**2 + 2*w + 1. Let f be v(2). Calculate the highest common divisor of 5 and f.
5
Let p be 1 + 0 + (3 - 2). Let z be 4/p*4/2. Let t be 32/(-6)*(-9)/3. What is the greatest common factor of z and t?
4
Suppose 5*x = y + 77, -y + 0*y = -x + 93. Suppose 0*w + 417 = 3*w - 5*j, -w + j + 139 = 0. Let k = w + y. Calculate the highest common divisor of 28 and k.
14
Let b = 21 + -1. Suppose -i + b = -5*i, 2*f = 3*i + 93. Calculate the highest common divisor of 26 and f.
13
Suppose 2*s - 44 = -4*i, -3*s + 2*i + 39 - 13 = 0. Suppose 2*f + 0*f - 12 = 0. What is the greatest common divisor of f and s?
6
Let t(a) = 11*a**3 - 2*a**2 + 1. Let u(m) = -m - 2. Let c be u(-3). Let l be t(c). Calculate the highest common factor of l and 80.
10
Suppose -95 = -3*k + 31. Calculate the highest common divisor of 84 and k.
42
Let j be -1 - -2*33/6. Calculate the highest common divisor of 110 and j.
10
Suppose -12 = 5*v - 47. Let w = 13 + -19. Let h = v - w. Calculate the highest common divisor of h and 104.
13
Suppose 4*r - 84 = r. Let y(x) = 17*x + 8. Let b be y(2). Calculate the greatest common factor of b and r.
14
Let g be 32/18 - (-2)/9. Suppose -5 = -3*r - 2*i, 3*r = -3*i + 1 + g. Let q be 88/r + (-4)/(-6). What is the greatest common divisor of 20 and q?
10
Suppose 3*w - 88 = -w. Suppose -5*s = w + 8. Let l be (-5)/s - (-3)/18. Calculate the highest common divisor of 2 and l.
1
Suppose -3*d = 2*n - 148, -4*d - n = -0*n - 199. Calculate the highest common divisor of d and 125.
25
Let p be -3 - (3 + -7 - 3). Suppose p*x + 3 - 23 = 0. Let b be 5*1*(1 - -6). Calculate the highest common factor of b and x.
5
Suppose -4*o = -22 - 18. Let y = o + -6. Calculate the greatest common factor of y and 1.
1
Let f(m) = m**2 + 2*m - 1. Let t be f(-4). Suppose -2*w + 170 = -2*k + t*k, 68 = 2*k + 4*w. What is the greatest common divisor of k and 85?
17
Let j = 11 - 6. Suppose 2*p + 28 = -j*a - 0*p, -5*a = 4*p + 36. Let z = 7 + a. Calculate the greatest common divisor of 3 and z.
3
Suppose -2*q = 3*p - 5, -4*p - 4*q + 9 = q. Let z = 18 - 16. What is the highest common divisor of p and z?
1
Suppose -105 = -5*y - 5*l, 4*y - 2*l + 4*l = 76. Suppose 2*c - 536 + 172 = 2*p, -4*c + 2*p = -738. Calculate the highest common divisor of c and y.
17
Suppose 0 = 6*g + 84 - 324. What is the highest common factor of g and 20?
20
Suppose -2*s - 85 = 3*f, -2*s - 5*f + 59 - 154 = 0. Let h = 15 + s. Let i = 0 - h. What is the greatest common factor of i and 40?
20
Let x(u) = 3 + 69*u - 3 + 12*u. Let a be x(-3). Let g = 395 + a. Calculate the highest common divisor of 19 and g.
19
Let z be 678/21 - 6/21. Suppose 4*x = 3*v - 4, x = 5*v - 3*x - 12. Calculate the highest common factor of z and v.
4
Let z be (-6)/((-1)/(3/(-3))). Let w(b) = -10*b - 8. Let d be w(z). Let x = d + -28. Calculate the greatest common factor of 12 and x.
12
Suppose 36 = 3*k - 0*k. Let h = -141 + 237. What is the highest common factor of k and h?
12
Suppose -22 = -2*x + 4*y, 0*x - 3*y = -3*x + 24. Let n = 49 - -6. What is the highest common divisor of x and n?
5
Let n = 14 + -10. Suppose -48 = -3*y - n*v + v, 24 = 3*y - 3*v. What is the highest common factor of 30 and y?
6
Let p = 863 - 373. Suppose p - 50 = 5*t. Calculate the highest common factor of 11 and t.
11
Suppose 5*t = -5*v + 165, 114 = 5*v - 4*t - 24. Calculate the highest common factor of v and 210.
30
Let f(a) = -a + 1. Let h(d) = d**2 + 5*d - 3. Let p(m) = 2*f(m) - h(m). Let o be p(-7). What is the greatest common factor of 15 and o?
5
Let m = 188 + -113. What is the greatest common divisor of m and 45?
15
Let u(q) = 11*q + 20 + 9 + 4*q - 24. Suppose -10 = -2*z + 3*o, 0 = -z + 6*o - 2*o + 5. Let r be u(z). What is the highest common factor of 10 and r?
10
Suppose 0 = -7*o + 2*o + 25. Suppose 49 = o*j - 31. Calculate the greatest common divisor of j and 40.
8
Suppose -4*h - 2*s - 3 + 5 = 0, -h = -3*s - 4. Let z(v) = v - 7. Let c be z(8). Let y be (2 - h) + c + 18. What is the greatest common divisor of 4 and y?
4
Let g(h) = h**2 - 5*h. Let f be g(6). Let m be 7 - 4 - 3/(-1). Calculate the highest common factor of f and m.
6
Let z(v) = v**2 + 27*v - 1. Let k be z(-28). What is the highest common factor of k and 54?
27
Let a(u) = u**3 - 8*u**2 + 3*u + 22. Let d be a(10). What is the greatest common factor of 28 and d?
28
Suppose -80 = -4*o + 4*r, 3*r - 2*r = 3*o - 64. What is the highest common divisor of o and 66?
22
Let c be 94/14 + 12/42. Let a = 61 + -26. What is the greatest common divisor of c and a?
7
Suppose 0 = -2*m + m + 4. Suppose 0 = 4*j - 32 + m. What is the highest common factor of j and 77?
7
Let c be 9/((-27)/(-6))*7. Calculate the highest common divisor of c and 7.
7
Suppose 11 = j - 5*h, -5*h + 0*h - 59 = -4*j. Let w = j + -14. What is the highest common factor of 2 and w?
2
Suppose -4*w - 4*l + 35 = -w, 3*l = -4*w + 42. Let j be ((-9)/1)/(4/(-36)). Calculate the greatest common factor of w and j.
9
Let f = 62 - 42. Calculate the greatest common factor of f and 10.
10
Let u(g) = -g**3 + g**2 - g. Let z(t) = -5*t**3 - 2*t**2 + 5*t - 10. Let m(c) = -6*u(c) + z(c). Let a be m(7). Calculate the greatest common factor of 6 and a.
6
Let v(d) = -3*d - 14. Let c be v(-8). What is the greatest common divisor of 110 and c?
10
Let l be -2*(4/8)/(-1). What is the greatest common divisor of l and 1?
1
Let c(b) = -2*b**3 - 4*b**2 - 2. Let m be c(-3). Let z be (-320)/30 + (-2)/6. Let l = m - z. Calculate the greatest common divisor of l and 3.
3
Let s(y) = 3*y**2 - 9*y + 5. Let g be s(5). Calculate the greatest common factor of g and 5.
5
Let h(p) = p**2 - 3*p - 3. Let r be h(5). Suppose 0 = u - 2 - 26. Calculate the greatest common divisor of u and r.
7
Suppose -3*f + 25 = 4. Suppose -5*n = -2*c - 0*n + 33, -c + 19 = -5*n. Calculate the highest common divisor of c and f.
7
Let p = 57 - 43. What is the highest common divisor of 98 and p?
14
Let b(i) be the second derivative of -25*i**3/3 - i. Let z be b(-1). Let f be ((-1)/(-2))/(3/60). What is the greatest common factor of f and z?
10
Suppose 0 = -2*i - u + 5, 5*i - 1 - 11 = -3*u. Suppose 8*a - 760 = i*a. What is the greatest common divisor of 19 and a?
19
Suppose 4*p + 37 = 3*c, 3*c - 2 - 3 = -4*p. What is the highest common factor of 35 and c?
7
Let w(j) = 251*j**2 + 15*j - 13. Let c be w(1). Let n = 53